= -n*o + 31, -2*d + 18 = -2*o. Let j = 0 - -15. Calculate the remainder when j is divided by d.
3
Let j(g) = 3*g**2 - 2. Let a be j(-2). Suppose 0 = 2*f - 5*f - 9. Let o = a - f. What is the remainder when 37 is divided by o?
11
Suppose i + 6 = -4*r - 12, -26 = 5*i + 4*r. Let p(s) = -s + 1. Let y(w) = 3*w - 1. Let a(g) = -2*p(g) - y(g). Calculate the remainder when 2 is divided by a(i).
0
Let v(c) = -3*c**3 - c**2 + c + 1. Let s be v(-1). What is the remainder when (10 - 0)*3 - s is divided by (10/(-6))/((-1)/6)?
8
Let l(v) = 0 - v**2 - 8*v + 0*v**2 - 5. What is the remainder when 250/14 + (-3)/(-21) is divided by l(-5)?
8
Suppose -6*s + 3*m + 54 = -2*s, 26 = 2*s - 2*m. What is the remainder when 43 is divided by s?
13
Suppose -6*s + 516 = -0*s. What is the remainder when s is divided by 25?
11
Let w(k) = 86*k + 1. What is the remainder when w(1) is divided by 18?
15
Let l = -8 - -24. Suppose -12 = 4*y - 48. Calculate the remainder when l is divided by y.
7
Let k be 4*(1 + (-6)/(-4)). Let l be (-754)/(-10) - 4/k. Suppose 2*z - l = -3*z. What is the remainder when 29 is divided by z?
14
Let z = 6 - 1. Calculate the remainder when -2*14/4*-1 is divided by z.
2
Let h be 12/15*20/(-8). Let d = 15 - -10. Calculate the remainder when d is divided by (h - (14 + -3))/(-1).
12
Let q = -34 - -60. What is the remainder when q is divided by 7?
5
Let l = -18 + 33. Calculate the remainder when 42 is divided by l.
12
Suppose -29 - 47 = -2*k. Calculate the remainder when k is divided by 14.
10
Let a(y) = 2*y**2 + 5*y + 6. What is the remainder when a(-5) is divided by 8?
7
Suppose -8*p - 6 = -38. What is the remainder when 5 is divided by p?
1
Suppose 2 = -0*n - 2*n. Suppose -4*l + 71 + 5 = 0. What is the remainder when 37 is divided by l + (n + 0 - -1)?
18
Suppose -146 = -5*y + 59. Calculate the remainder when y is divided by 14.
13
Let w(t) = t**2 - 14*t + 3. What is the remainder when w(14) is divided by 1?
0
Let r be (-2)/2*-4 - 0. Let a = 3 + r. Calculate the remainder when 25 is divided by a.
4
Let f = -40 - -66. What is the remainder when f is divided by 14?
12
Suppose -60 = -5*z + 4*f, -z + f = -0*f - 13. Let n = z + -3. What is the remainder when 12 is divided by n?
2
Calculate the remainder when 8/8*(-2)/(-4)*46 is divided by 11.
1
Suppose 3*q - i - 52 = 0, 3*q + i + 0*i - 56 = 0. Calculate the remainder when 27 is divided by q.
9
What is the remainder when 0 + 125/3 - 8/12 is divided by 15?
11
Suppose -5 + 1 = -2*g. Let z(q) = q**3 - q**2 + q + 8. Let i be z(0). Suppose 2*r = 4*r - i. What is the remainder when r is divided by g?
0
Suppose 5*a + 7*r - 3*r = 0, -4*r = 4*a + 4. What is the remainder when 8 is divided by a?
0
Calculate the remainder when 34 is divided by (-89)/(-5) - 4/(-20).
16
Let w be (0 - -58)*(-2)/(-4). Let j = 44 - w. Calculate the remainder when 43 is divided by j.
13
Let v(o) = -2*o + 2. Let a be 10/(-15)*9/6. Calculate the remainder when (-2 - -16)*(-2)/(-4) is divided by v(a).
3
Suppose 0 = -w + 19 + 2. What is the remainder when 41 is divided by w?
20
Let g be (15/4)/((-6)/(-16)). Suppose 5*p - 10*p = -g. What is the remainder when p/(-6) + (-115)/(-3) is divided by 13?
12
Suppose -3*d + 51 = -0*d. Let a = d - 2. What is the remainder when 29 is divided by a?
14
Suppose -2*z = -5*z - 9. What is the remainder when (3 - 5)/(2/(-34)) is divided by ((-12)/(-2) - z) + 3?
10
Let j(g) = g**2 - 3*g - 1. Let k be j(6). Let a = -7 + k. Calculate the remainder when 2/(-1) - -1*20 is divided by a.
8
Suppose -3*y + 0*y = -30. Let a(g) = -5*g**3 - 4*g**2 - 2*g. What is the remainder when a(-2) is divided by y?
8
Suppose 0*j + 10 = -c - 4*j, 5*c = 4*j + 70. Let q(i) = i**2 + 4*i - 8. Calculate the remainder when c is divided by q(-6).
2
Suppose -3*g + 22 = -56. Suppose g - 104 = -2*w. Calculate the remainder when w is divided by 20.
19
Suppose i + 3*p = 5*p - 3, 0 = -4*i - 5*p + 27. Suppose 5*c - 30 = 15. What is the remainder when i/(-6)*34/(-1) is divided by c?
8
Suppose 0 = -5*t - 15 + 35. Suppose y - t - 7 = 0. Suppose 5*z = 76 + 79. What is the remainder when z is divided by y?
9
Let g(c) = 7*c + 97. Calculate the remainder when 18 is divided by g(-13).
0
Suppose -60 = -6*q + q. What is the remainder when (-86 - 2)/(-2) - -2 is divided by q?
10
Suppose g = 2*z - 31, 2*z + 2*g + g = 19. Suppose 3*k - 139 = 26. Calculate the remainder when k is divided by z.
13
Let p = 56 - 16. Calculate the remainder when p is divided by 14.
12
What is the remainder when (-16)/12 - (-289)/3 is divided by 24?
23
Let r be (30/25)/((-3)/10). Let g(s) = -2*s - 4. Calculate the remainder when g(r) is divided by 2.
0
Suppose h - 3*h - 5*l + 42 = 0, -22 = -h - 3*l. Calculate the remainder when h is divided by (1/(-1))/((-3)/18).
4
Let k be 3/(207/66 + -3). Suppose f - 4*f + 76 = -x, -k = -f - 3*x. What is the remainder when f is divided by 9?
7
Let t(c) = -c**2 - 10*c + 25. Calculate the remainder when 53 is divided by t(-11).
11
Let z = 19 - -14. What is the remainder when z is divided by 0 - -17 - (0 - 0)?
16
Let b(q) = -9*q**3 + 2*q + 5. Let z(c) = 5*c**3 - c - 2. Let w(u) = 6*b(u) + 11*z(u). What is the remainder when w(0) is divided by 3?
2
Let p = 80 - 48. Suppose p = 2*n + h, n - 6*h = -h + 5. Calculate the remainder when n is divided by 9.
6
Let a(u) = -20*u. Let o be a(-4). Let l = o + -13. What is the remainder when l is divided by 23?
21
Calculate the remainder when 112 is divided by 32 - (6 + -3 + 0).
25
Suppose 2*h - 3*p = -3*h + 273, -4*h + 213 = 3*p. Suppose 0*w - h = -3*w. What is the remainder when (-2)/(-4) - (-134)/4 is divided by w?
16
Suppose -18 = -7*z + 59. Calculate the remainder when 53 is divided by z.
9
Let m(d) = d**3 + d**2 - 2. Suppose 4*g = 4 + 4. What is the remainder when m(g) is divided by 4?
2
Suppose 126 = -2*f + 4*f. Suppose 3*o = f + 24. Suppose m = -2, r + 6*m - 7 = 2*m. Calculate the remainder when o is divided by r.
14
Suppose -2*p - 69 = -3*p. Calculate the remainder when p is divided by 14.
13
Let k(x) = -x**3 + x**2 + 4*x + 7. Let i(c) = -c**2 - 1. Let g(j) = -6*i(j) - k(j). Suppose -5 = 9*s - 8*s. What is the remainder when g(s) is divided by 11?
8
Suppose 4*t - 5*t = -52. Suppose 4*s - 176 = -t. Suppose 3*i - 63 = 5*a, -3*i - a = 4*a - 33. Calculate the remainder when s is divided by i.
15
Let k be (-2)/10 + (-14)/5. Let s = 0 - k. Calculate the remainder when 7 is divided by s.
1
Let k be 4 - 0 - (1 + 0). Let q be 2/7 - 117/(-7). Suppose -2*i + 40 = 4*t, t + k*i + 7 = q. What is the remainder when 18 is divided by t?
8
What is the remainder when 80/(-6)*3/(-2) is divided by 11?
9
Let h = 18 - -7. Calculate the remainder when 73 is divided by h.
23
Suppose 23*a = -25 + 876. Let v(h) = -2*h - 4. Let l be v(-3). Suppose l*x + 2*x - 52 = 0. What is the remainder when a is divided by x?
11
Suppose -2*h = -5*h + 9, 3*h - 49 = -5*i. Calculate the remainder when 30 is divided by i.
6
Suppose -2*m - 132 = -5*m. What is the remainder when 7 is divided by 70/22 + (-8)/m?
1
Let l(a) = a**3 + 8*a**2 - 9*a - 8. Let u be l(-9). Let c(i) = i**2 + 12*i + 1. Let z be c(u). Let t = 10 - z. Calculate the remainder when t is divided by 14.
13
Let t(i) = 2*i - 11. Let g be t(8). Suppose g*b = b. Suppose b*a + a = 10. Calculate the remainder when a is divided by 4.
2
Suppose 0 = 4*u - u - 72. Let n(k) = -k**3 - 5*k**2 - k + 4. Calculate the remainder when u is divided by n(-5).
6
Let s = 83 - -81. What is the remainder when s is divided by 33?
32
Let s = -4 - -6. Let d be 28/8 + s/(-4). Let q(a) = a - 1. What is the remainder when 5 is divided by q(d)?
1
Suppose -5*z = -1 + 6. What is the remainder when z + (-16)/(-4) + 11 is divided by 5?
4
Suppose -v = 2 - 11. Calculate the remainder when 35 is divided by v.
8
Let b = -75 - -166. Calculate the remainder when b is divided by 31.
29
Suppose -2*x = -2*k + 88, x + 3*x - 16 = 0. Calculate the remainder when k is divided by 15.
3
Calculate the remainder when (-12)/3*-17 + 6/(-2) is divided by 22.
21
What is the remainder when (-77)/(-2) + ((-21)/6 - -2) is divided by 8?
5
Let d be 5/2*(1 + -3). Let u(n) = -4*n. Let i(o) = 2*o**2 + 4*o - 5. Calculate the remainder when u(d) is divided by i(-4).
9
Let u(w) be the second derivative of -w**3/3 - 2*w**2 + w. Let t(b) = 2*b + 4. Let y(x) =